 150640855?
False
Is 4530 a factor of 260805690?
True
Is 732 a factor of 31154120?
False
Is 142929246 a multiple of 2319?
True
Does 133 divide 13944917?
True
Is 1350000436 a multiple of 159?
False
Does 21 divide 284600217?
False
Is 5083 a factor of 164375060?
False
Is 4722 a factor of 250591818?
True
Does 327 divide 36261684?
True
Does 5 divide 3259085?
True
Is 643776775 a multiple of 5?
True
Does 11 divide 29771176?
False
Is 69926766 a multiple of 182?
True
Is 6357882 a multiple of 59?
False
Is 860796925 a multiple of 3439?
False
Does 109 divide 261597166?
True
Is 207570302 a multiple of 285?
False
Is 86921860 a multiple of 1130?
True
Is 1135 a factor of 920468171?
False
Is 65 a factor of 406822210?
False
Does 4722 divide 410910008?
False
Is 598047153 a multiple of 2484?
False
Is 222 a factor of 27397464?
True
Is 131 a factor of 30331676?
False
Is 11 a factor of 71844069?
True
Is 238477782 a multiple of 142?
True
Does 4322 divide 2381374458?
True
Is 103188426 a multiple of 186?
False
Is 2796499 a multiple of 29?
True
Does 31 divide 340178438?
True
Does 350 divide 2624055348?
False
Is 401838626 a multiple of 9233?
True
Is 255962413 a multiple of 10?
False
Is 6 a factor of 15315395?
False
Is 85326120 a multiple of 29?
True
Does 1727 divide 69424507?
False
Is 1064 a factor of 5293849008?
True
Does 97 divide 20943801?
False
Is 45654499 a multiple of 138?
False
Is 863853900 a multiple of 1050?
True
Is 95979780 a multiple of 18?
True
Is 115491704 a multiple of 18?
False
Is 24647293 a multiple of 531?
False
Does 1833 divide 181815270?
True
Does 90 divide 3891411?
False
Is 11 a factor of 390401?
True
Is 350594046 a multiple of 11?
True
Is 216 a factor of 426745814?
False
Is 516245148 a multiple of 519?
True
Is 156106112 a multiple of 1772?
True
Does 148 divide 45691079?
False
Is 284 a factor of 13390600?
True
Does 9 divide 184817637?
True
Does 85 divide 452797246?
False
Does 12 divide 1464755846?
False
Does 2 divide 10360149?
False
Does 18 divide 1346541082?
False
Is 49 a factor of 1808537472?
True
Is 11326810 a multiple of 407?
True
Is 207274288 a multiple of 14?
False
Does 12 divide 442327499?
False
Does 38 divide 310192784?
True
Is 668 a factor of 1541598376?
True
Is 129 a factor of 45306264?
False
Is 333 a factor of 401363235?
True
Is 1278 a factor of 1907708940?
True
Is 250 a factor of 531825500?
True
Does 265 divide 40310125?
False
Does 4057 divide 3010257487?
True
Does 7 divide 4304328?
True
Is 1126382818 a multiple of 22?
True
Is 1209218069 a multiple of 192?
False
Does 502 divide 86289254?
False
Is 306 a factor of 1700818380?
True
Does 38 divide 5437493?
False
Does 1407 divide 374464108?
False
Is 47277927 a multiple of 2329?
False
Is 344233736 a multiple of 7?
True
Does 12 divide 622080?
True
Does 135 divide 1510419608?
False
Is 2 a factor of 794984823?
False
Is 45793402 a multiple of 304?
False
Does 30 divide 121549800?
True
Is 128165040 a multiple of 90?
True
Does 655 divide 532046020?
True
Is 223196651 a multiple of 8?
False
Is 3595 a factor of 3740522005?
True
Does 1525 divide 1078193300?
True
Is 79 a factor of 133362744?
True
Is 293038843 a multiple of 4559?
True
Does 5 divide 978710?
True
Is 1802059512 a multiple of 2728?
True
Is 161 a factor of 53382770?
True
Is 8 a factor of 320190618?
False
Is 160176408 a multiple of 3?
True
Is 88 a factor of 218488752?
False
Does 1105 divide 179086736?
False
Does 5 divide 1085421794?
False
Does 11 divide 300048291?
False
Is 204 a factor of 593231638?
False
Is 25 a factor of 40562758?
False
Is 168 a factor of 16067688?
True
Is 1888 a factor of 1035086560?
True
Is 52 a factor of 299830076?
True
Is 420120960 a multiple of 3360?
True
Does 224 divide 161174688?
False
Is 41175676 a multiple of 16?
False
Is 61069440 a multiple of 128?
True
Does 17 divide 17617219?
True
Does 64 divide 123875528?
False
Is 96592041 a multiple of 7?
True
Does 72 divide 67468608?
True
Is 24 a factor of 282076150?
False
Does 39 divide 85768603?
False
Is 15558681 a multiple of 29?
False
Is 12 a factor of 1759875050?
False
Does 41 divide 1651291933?
True
Is 10355986 a multiple of 22?
False
Is 248066045 a multiple of 51?
False
Is 4 a factor of 7142746?
False
Is 1292 a factor of 3426230252?
True
Does 155 divide 59089806?
False
Is 246 a factor of 909414037?
False
Is 56 a factor of 557425666?
False
Is 51575472 a multiple of 39?
True
Does 11 divide 5694061102?
False
Does 120 divide 4452987897?
False
Is 681 a factor of 443925513?
True
Is 25 a factor of 969447881?
False
Is 17 a factor of 481252769?
False
Does 13 divide 52081393?
True
Is 7670 a factor of 4245637153?
False
Does 18 divide 1591998838?
False
Is 25 a factor of 317116452?
False
Is 209 a factor of 49983604?
True
Is 43874071 a multiple of 29?
True
Is 5 a factor of 461885?
True
Does 3292 divide 194753229?
False
Does 180 divide 828092880?
True
Is 4 a factor of 42034138?
False
Is 117 a factor of 64773382?
False
Is 532 a factor of 1035556629?
False
Does 598 divide 52483969?
False
Is 88637653 a multiple of 16?
False
Is 988566716 a multiple of 8?
False
Is 42 a factor of 35228970?
True
Is 74561470 a multiple of 1811?
False
Is 376441326 a multiple of 89?
False
Is 18313082 a multiple of 3?
False
Is 159844811 a multiple of 17?
False
Is 4051523748 a multiple of 19?
True
Is 586022815 a multiple of 180?
False
Is 49 a factor of 742427420?
True
Is 746395809 a multiple of 6900?
False
Is 843680179 a multiple of 410?
False
Is 1157144256 a multiple of 3376?
True
Is 3043555988 a multiple of 218?
True
Is 1149822300 a multiple of 20?
True
Is 826069491 a multiple of 153?
True
Is 1329931600 a multiple of 190?
True
Is 1885008 a multiple of 5?
False
Does 832 divide 1222958464?
True
Is 1940 a factor of 1382691937?
False
Is 275757209 a multiple of 91?
True
Is 1572871680 a multiple of 95?
True
Is 1158247262 a multiple of 61?
False
Is 42250996 a multiple of 278?
True
Is 42338133 a multiple of 9?
True
Is 91232193 even?
False
Is 29 a factor of 578584394?
True
Is 13 a factor of 96645159?
True
Does 21 divide 102642351?
True
Is 215 a factor of 37547600?
True
Is 32127056 a multiple of 1202?
True
Is 1895 a factor of 1024452160?
True
Is 8 a factor of 412816?
True
Is 770531944 a multiple of 4022?
False
Is 59808604 a multiple of 4199?
False
Is 146 a factor of 36146648?
False
Is 39314880 a multiple of 11?
True
Is 90 a factor of 96495122?
False
Is 189 a factor of 418618797?
False
Is 215565642 a multiple of 174?
True
Is 73825540 a multiple of 429?
False
Does 258 divide 8678862?
True
Does 10 divide 5024393?
False
Is 15421143 a multiple of 252?
False
Does 815 divide 527574669?
False
Is 12566452 a multiple of 8?
False
Is 4068 a factor of 297057564?
True
Is 30 a factor of 191735183?
False
Is 9 a factor of 1851864?
False
Is 1466 a factor of 31643610?
True
Is 1377618399 a multiple of 3108?
False
Does 557 divide 6045548776?
True
Is 692 a factor of 249563751?
False
Does 285 divide 1975291900?
False
Is 188 a factor of 11179044?
True
Does 8 divide 479584464?
True
Is 136472340 a multiple of 2?
True
Is 16 a factor of 23314656?
True
Is 864326347 a multiple of 7?
False
Is 29 a factor of 303076651?
True
Is 3917 a factor of 43916811?
False
Is 14 a factor of 131616081?
False
Does 438 divide 604073855?
False
Is 108 a factor of 1977017868?
True
Does 370 divide 1437080?
True
Is 1056 a factor of 20929314?
False
Is 249 a factor of 9307633?
False
Does 81 divide 1166472576?
True
Is 52493850 a multiple of 53?
True
Does 71 divide 23656632?
True
Is 90 a factor of 9481680?
True
Is 22553448 a multiple of 4?
True
Is 1007 a factor of 6173264?
False
Is 31332798 a multiple of 91?
False
Is 25970542 a multiple of 598?
True
Is 87 a factor of 7364189840?
False
Does 4401 divide 13641740?
False
Is 50537600 a multiple of 17?
True
Is 50118873 a multiple of 357?
True
Is 267 a factor of 72764442?
True
Is 15 a factor of 44864122?
False
Is 6 a factor of 43106190?
True
Is 21 a factor of 309897?
True
Does 28 divide 509527032?
True
Does 171 divide 532538888?
False
Is 6 a factor of 7062516?
True
Is 5515 a factor of 340429920?
True
Is 9 a factor of 65429055?
True
Is 98448966 a multiple of 378?
True
Is 151190930 a multiple of 1465?
True
Does 1923 divide 43962906?
False
Does 64 divide 1900066957?
False
Is 130651642 a multiple of 2858?
False
Does 12 divide 150202181?
